ase 2, what is -1010100 - -1010101?
1
In base 11, what is 2 - -8417?
8419
In base 7, what is -150 + -4061?
-4241
In base 6, what is 210 + 111?
321
In base 16, what is 8f57a + 1?
8f57b
In base 8, what is -477 + 10?
-467
In base 9, what is -35312 - -10?
-35302
In base 2, what is -101101000010100100000 - 0?
-101101000010100100000
In base 2, what is 100001010000010 + 1000?
100001010001010
In base 4, what is -102313 + -122?
-103101
In base 2, what is 101110011 - 100100110?
1001101
In base 12, what is -3 - 16a8aa?
-16a8b1
In base 7, what is -1056 + -133?
-1222
In base 12, what is -2565 + -15?
-257a
In base 2, what is -1110011100 + 11101000?
-1010110100
In base 15, what is 4c - -3b1?
40d
In base 13, what is 20a + c7c?
1189
In base 15, what is 13b3 + -2b?
1387
In base 2, what is 10111111010011011 - -10?
10111111010011101
In base 10, what is -2 + -156615?
-156617
In base 9, what is 4 + 463444?
463448
In base 9, what is -18784 - -2?
-18782
In base 5, what is 1231 - -10431?
12212
In base 6, what is -10404250 + 2?
-10404244
In base 15, what is -14 + 6697?
6683
In base 7, what is 3 - 2062431?
-2062425
In base 15, what is 4543d - -8?
45446
In base 12, what is 25 + 1545?
156a
In base 13, what is 3b13 + 6?
3b19
In base 4, what is 1013 - 3211?
-2132
In base 9, what is 1352 - 60?
1282
In base 6, what is -45131 + -11?
-45142
In base 7, what is 205034 - 1?
205033
In base 6, what is 4 + -41252044?
-41252040
In base 15, what is 81 - ae4b?
-adba
In base 3, what is 10 + 12110?
12120
In base 16, what is ad8e - 6?
ad88
In base 2, what is -11111000100010010101 - -101?
-11111000100010010000
In base 10, what is -5 - 60182?
-60187
In base 2, what is 1001000101000100 + 11100?
1001000101100000
In base 9, what is 0 + 656245?
656245
In base 2, what is 101 + -1011100100100001?
-1011100100011100
In base 7, what is 16051 - -350?
16431
In base 8, what is 7130640 - -4?
7130644
In base 6, what is 21 + -42422?
-42401
In base 8, what is -3450 - 1?
-3451
In base 5, what is 1 - -120110340?
120110341
In base 14, what is 4 + -96b2?
-96ac
In base 3, what is -10 - -11122121?
11122111
In base 13, what is 2 - -326611?
326613
In base 3, what is -222222 - 110?
-1000102
In base 6, what is -113 + 4510?
4353
In base 11, what is 13361 + -14?
13348
In base 15, what is -bc + -313a?
-3207
In base 16, what is f2 + 132?
224
In base 16, what is 110 - 95?
7b
In base 12, what is 5 + 2675?
267a
In base 3, what is -2212 + -10221?
-20210
In base 3, what is -2200012 - -11?
-2200001
In base 13, what is -3 - 2633?
-2636
In base 11, what is -640 - 8a9?
-1439
In base 4, what is -3100 + -21330?
-31030
In base 12, what is 103a + 243?
1281
In base 4, what is -233 - 3223232?
-3230131
In base 14, what is b + 78821?
7882c
In base 4, what is -10 - -2123223?
2123213
In base 12, what is -14 - -2397?
2383
In base 13, what is -81 + -1ac?
-260
In base 11, what is 22057 - -16?
22072
In base 16, what is 21f + -f?
210
In base 7, what is 23546 + -30?
23516
In base 15, what is -9b1 - -cd?
-8d3
In base 7, what is -46633 + -33?
-46666
In base 4, what is 102 + -133100232?
-133100130
In base 9, what is -4 + -474661?
-474665
In base 8, what is 5 + 43?
50
In base 4, what is 132032331 + 11?
132033002
In base 9, what is -881 - -141?
-740
In base 13, what is 8 - -a8b?
a96
In base 5, what is -3001 - -1421?
-1030
In base 3, what is -2102 - -2220?
111
In base 16, what is 5 - -1c874?
1c879
In base 3, what is 10112020111211 + 0?
10112020111211
In base 12, what is 9339 - -121?
945a
In base 9, what is -102 - -114?
12
In base 15, what is 3 - 2cd5e?
-2cd5b
In base 13, what is -25a37 + -1?
-25a38
In base 16, what is -90522 + -1?
-90523
In base 11, what is 3 + -1332?
-132a
In base 4, what is 0 - 2302133?
-2302133
In base 7, what is 120140 + 4?
120144
In base 15, what is -5 + 13e0?
13da
In base 7, what is 136 + -14266?
-14130
In base 4, what is 21 - -13223310?
13223331
In base 11, what is -114361 - -2?
-11435a
In base 6, what is 1 - -512133?
512134
In base 2, what is -1010011110001001101000 + 0?
-1010011110001001101000
In base 4, what is 113 + -2010310?
-2010131
In base 7, what is -31 - -32024?
31663
In base 3, what is -201110010 - 12?
-201110022
In base 10, what is 1738 - -1328?
3066
In base 13, what is cb299 + 7?
cb2a3
In base 10, what is -388 - -156?
-232
In base 4, what is 3 - 130333?
-130330
In base 6, what is 14 + 1453345?
1453403
In base 10, what is -2690969 + 0?
-2690969
In base 6, what is -2 + -4211?
-4213
In base 11, what is -31 + -708?
-739
In base 3, what is 100220 - 110100?
-2110
In base 3, what is -2 - -102002211112?
102002211110
In base 12, what is -1a83b - 2?
-1a841
In base 11, what is -36 - 135?
-170
In base 14, what is -22 - 1006?
-1028
In base 9, what is -1338 + -2?
-1341
In base 12, what is -b83 + -b?
-b92
In base 10, what is -3 + -99707?
-99710
In base 6, what is -22445024 + 5?
-22445015
In base 5, what is 3 + 44042?
44100
In base 12, what is -17 + -8a56?
-8a71
In base 15, what is 2 + 46be0?
46be2
In base 4, what is 3202 + 200202?
210010
In base 16, what is 1df - -3f?
21e
In base 13, what is 227a - 8ba?
1690
In base 14, what is -4b1d7 + -1?
-4b1d8
In base 5, what is -1 - 200142?
-200143
In base 5, what is -1 - 201222?
-201223
In base 3, what is 10 + 10021210?
10021220
In base 5, what is -2402401 + -134?
-2403040
In base 6, what is 22152 - -12?
22204
In base 7, what is -133 + -30056?
-30222
In base 11, what is 272224 + -4?
272220
In base 11, what is -4 - -9447?
9443
In base 5, what is 20 - -12124102?
12124122
In base 9, what is 4 - -75005?
75010
In base 3, what is -12022100 - -12?
-12022011
In base 3, what is 12 + 1202120201?
1202120220
In base 10, what is -5 + 6612?
6607
In base 9, what is -23 - -720?
686
In base 9, what is -2 + 240270?
240267
In base 6, what is 102 - 10545?
-10443
In base 5, what is 2040240 - -2?
2040242
In base 16, what is d7 - aa7?
-9d0
In base 16, what is 60e - 29?
5e5
In base 5, what is 10340312 + 24?
10340341
In base 15, what is -3 + 662?
65e
In base 11, what is 40 - 1919?
-1889
In base 3, what is 2 - -10121202222?
10121210001
In base 12, what is 2 + -aaa?
-aa8
In base 3, what is 12 - -211202022?
211202111
In base 15, what is d5ded - -4?
d5e02
In base 6, what is 2042 + 1224?
3310
In base 12, what is -2 + -27bb31?
-27bb33
In base 14, what is 3207 - 0?
3207
In base 8, what is 45 + -425?
-360
In base 13, what is -19789 - 1?
-1978a
In base 3, what is 122 - 2000122?
-2000000
In base 8, what is -121354 - 2?
-121356
In base 15, what is -119dd - 2?
-119e0
In base 15, what is cd8c - 0?
cd8c
In base 6, what is -324502 + 0?
-324502
In base 14, what is 8c + -187?
-d9
In base 10, what is 1161 - -16?
1177
In base 9, what is 0 - 20303?
-20303
In base 9, what is -760 + -76?
-846
In base 16, what is e0c1 + 31?
e0f2
In base 14, what is -61 - 2d0?
-351
In base 10, what is 7080 + -5?
7075
In base 7, what is 5 - 46456?
-46451
In base 14, what is 7447 - -3?
744a
In base 7, what is 20 + 12361?
12411
In base 4, what is -3020312 - -2313?
-3011333
In base 2, what is 10 + 10011100100111001111?
10011100100111010001
In base 15, what is 3934c1 - -5?
3934c6
In base 4, what is 1213321 + 2110?
1222031
In base 3, what is 1012211200112 - 10?
1012211200102
In base 11, what is -5 - -10a27?
10a22
In base 7, what is 33366 - 24?
33342
In base 10, what is -1071 - 182?
-1253
In base 14, what is 2 - 10521?
-1051d
In base 5, what is 1324 + 300412?
302241
In base 4, what is 113020013 - -11?
113020030
In base 15, what is 29cb + -3?
29c8
In base 5, what is -414132 + -13?
-414200
In base 9, what is -10 - 326302?
-326312
In base 11, what is 5 - -112048?
112052
In base 14, what is -2c872 - 3?
-2c875
In base 14, what is 97c95 - -1?
97c96
In base 10, what is -2 + -6505?
-6507
In base 9, what is -78556 + 23?
-78533
In base 8, what is 5 - -2726435?
2726442
In base 10, what is 38812 - 6?
38806
In base 4, what is -302200 - 333?
-303133
In base 13, what is -27 - -7?
-20
In base 6, what is 232422103 + -5?
232422054
In base 10, what is 3418345 + 0?
3418345
In base 10, what is 34500 + 8?
34508
In base 8, what is 4744404 + -5?
4744377
In base 2, what is -100110000011000000001 - -1?
-100110000011000000000
In base 8, what is 41543 + 2?
41545
In base 7, what is 241344 + 31?
241405
In base 11, what is -7 - -48712?
48706
In base 5, what is -140310201 + 0?
-140310201
I